{"id":121,"date":"2016-12-28T08:09:35","date_gmt":"2016-12-28T08:09:35","guid":{"rendered":"http:\/\/povljana.org\/czech\/?page_id=121"},"modified":"2016-12-28T08:09:35","modified_gmt":"2016-12-28T08:09:35","slug":"dry-kamenne-ploty","status":"publish","type":"page","link":"https:\/\/povljana.org\/czech\/dry-kamenne-ploty\/","title":{"rendered":"Dry-kamenn\u00e9 ploty"},"content":{"rendered":"<p>Such\u00e9 kamenn\u00e9 ploty jsou v\u00fdznamnou pam\u00e1tkou tvrd\u00e9ho \u017eivota a obrovsk\u00e9 \u00fasil\u00ed obyvatel ostrova; byly postaveny z kamene obratn\u011b naskl\u00e1dan\u00e9 na p\u016fd\u011b obt\u00ed\u017en\u011b kultivovat. Such\u00fd-stone plot s tvary, povrchu, vzhled a \u00fa\u010del, je jedn\u00edm z nejv\u00edce reprezentativn\u00edch p\u0159\u00edklad\u016f nativn\u00edho lidov\u00e9 architektury.<\/p>\n<p>Tyto such\u00e9 kamenn\u00e9 ploty slou\u017eit jako p\u0159irozen\u00e9 hranice mezi skvrnami; jsou dostate\u010dn\u011b vysok\u00e9, aby se zabr\u00e1nilo ovce od sk\u00e1k\u00e1n\u00ed p\u0159es a dostate\u010dn\u011b siln\u00e9, aby postavit proti BORA v\u011btry. Jsou v\u00fdznamnou lokalitou, plaz\u016f, pt\u00e1k\u016f a drobn\u00fdch savc\u016f. Budete m\u00edt radost z pohledu cel\u00e9 st\u00e1do ovc\u00ed odpo\u010d\u00edv\u00e1 ve st\u00ednu pod kamenn\u00e9m plotu na hork\u00e9m letn\u00edm odpoledni.<\/p>\n","protected":false},"excerpt":{"rendered":"<p>Such\u00e9 kamenn\u00e9 ploty jsou v\u00fdznamnou pam\u00e1tkou tvrd\u00e9ho \u017eivota a obrovsk\u00e9 \u00fasil\u00ed obyvatel ostrova; byly postaveny z kamene obratn\u011b naskl\u00e1dan\u00e9 na p\u016fd\u011b obt\u00ed\u017en\u011b kultivovat. Such\u00fd-stone plot s tvary, povrchu, vzhled a \u00fa\u010del, je jedn\u00edm z nejv\u00edce reprezentativn\u00edch p\u0159\u00edklad\u016f nativn\u00edho lidov\u00e9 architektury. Tyto such\u00e9 kamenn\u00e9 ploty slou\u017eit jako p\u0159irozen\u00e9 hranice mezi skvrnami; jsou dostate\u010dn\u011b vysok\u00e9, aby se<\/p>\n","protected":false},"author":1,"featured_media":0,"parent":0,"menu_order":0,"comment_status":"closed","ping_status":"closed","template":"","meta":[],"yoast_head":"<!-- This site is optimized with the Yoast SEO plugin v18.1 - https:\/\/yoast.com\/wordpress\/plugins\/seo\/ -->\n<title>Dry-kamenn\u00e9 ploty | Apartm\u00e1ny MINT Povljana - Pag - Chorvatsko<\/title>\n<meta name=\"robots\" content=\"index, follow, max-snippet:-1, max-image-preview:large, max-video-preview:-1\" \/>\n<link rel=\"canonical\" href=\"https:\/\/povljana.org\/czech\/dry-kamenne-ploty\/\" \/>\n<meta property=\"og:locale\" content=\"en_US\" \/>\n<meta property=\"og:type\" content=\"article\" \/>\n<meta property=\"og:title\" content=\"Dry-kamenn\u00e9 ploty | Apartm\u00e1ny MINT Povljana - Pag - Chorvatsko\" \/>\n<meta property=\"og:description\" content=\"Such\u00e9 kamenn\u00e9 ploty jsou v\u00fdznamnou pam\u00e1tkou tvrd\u00e9ho \u017eivota a obrovsk\u00e9 \u00fasil\u00ed obyvatel ostrova; byly postaveny z kamene obratn\u011b naskl\u00e1dan\u00e9 na p\u016fd\u011b obt\u00ed\u017en\u011b kultivovat. Such\u00fd-stone plot s tvary, povrchu, vzhled a \u00fa\u010del, je jedn\u00edm z nejv\u00edce reprezentativn\u00edch p\u0159\u00edklad\u016f nativn\u00edho lidov\u00e9 architektury. Tyto such\u00e9 kamenn\u00e9 ploty slou\u017eit jako p\u0159irozen\u00e9 hranice mezi skvrnami; jsou dostate\u010dn\u011b vysok\u00e9, aby se\" \/>\n<meta property=\"og:url\" content=\"https:\/\/povljana.org\/czech\/dry-kamenne-ploty\/\" \/>\n<meta property=\"og:site_name\" content=\"Apartm\u00e1ny MINT Povljana - Pag - Chorvatsko\" \/>\n<meta property=\"article:publisher\" content=\"https:\/\/web.facebook.com\/apartmani.mint\/\" \/>\n<meta name=\"twitter:card\" content=\"summary\" \/>\n<meta name=\"twitter:label1\" content=\"Est. reading time\" \/>\n\t<meta name=\"twitter:data1\" content=\"1 minute\" \/>\n<script type=\"application\/ld+json\" class=\"yoast-schema-graph\">{\"@context\":\"https:\/\/schema.org\",\"@graph\":[{\"@type\":\"WebSite\",\"@id\":\"https:\/\/povljana.org\/czech\/#website\",\"url\":\"https:\/\/povljana.org\/czech\/\",\"name\":\"Apartm\u00e1ny MINT Povljana - Pag - Chorvatsko\",\"description\":\"Apartm\u00e1ny MINT Povljana - Pag - Chorvatsko\",\"potentialAction\":[{\"@type\":\"SearchAction\",\"target\":{\"@type\":\"EntryPoint\",\"urlTemplate\":\"https:\/\/povljana.org\/czech\/?s={search_term_string}\"},\"query-input\":\"required name=search_term_string\"}],\"inLanguage\":\"en-US\"},{\"@type\":\"WebPage\",\"@id\":\"https:\/\/povljana.org\/czech\/dry-kamenne-ploty\/#webpage\",\"url\":\"https:\/\/povljana.org\/czech\/dry-kamenne-ploty\/\",\"name\":\"Dry-kamenn\u00e9 ploty | Apartm\u00e1ny MINT Povljana - Pag - Chorvatsko\",\"isPartOf\":{\"@id\":\"https:\/\/povljana.org\/czech\/#website\"},\"datePublished\":\"2016-12-28T08:09:35+00:00\",\"dateModified\":\"2016-12-28T08:09:35+00:00\",\"breadcrumb\":{\"@id\":\"https:\/\/povljana.org\/czech\/dry-kamenne-ploty\/#breadcrumb\"},\"inLanguage\":\"en-US\",\"potentialAction\":[{\"@type\":\"ReadAction\",\"target\":[\"https:\/\/povljana.org\/czech\/dry-kamenne-ploty\/\"]}]},{\"@type\":\"BreadcrumbList\",\"@id\":\"https:\/\/povljana.org\/czech\/dry-kamenne-ploty\/#breadcrumb\",\"itemListElement\":[{\"@type\":\"ListItem\",\"position\":1,\"name\":\"Po\u010detna stranica\",\"item\":\"https:\/\/povljana.org\/czech\/\"},{\"@type\":\"ListItem\",\"position\":2,\"name\":\"Dry-kamenn\u00e9 ploty\"}]}]}<\/script>\n<!-- \/ Yoast SEO plugin. -->","yoast_head_json":{"title":"Dry-kamenn\u00e9 ploty | Apartm\u00e1ny MINT Povljana - Pag - Chorvatsko","robots":{"index":"index","follow":"follow","max-snippet":"max-snippet:-1","max-image-preview":"max-image-preview:large","max-video-preview":"max-video-preview:-1"},"canonical":"https:\/\/povljana.org\/czech\/dry-kamenne-ploty\/","og_locale":"en_US","og_type":"article","og_title":"Dry-kamenn\u00e9 ploty | Apartm\u00e1ny MINT Povljana - Pag - Chorvatsko","og_description":"Such\u00e9 kamenn\u00e9 ploty jsou v\u00fdznamnou pam\u00e1tkou tvrd\u00e9ho \u017eivota a obrovsk\u00e9 \u00fasil\u00ed obyvatel ostrova; byly postaveny z kamene obratn\u011b naskl\u00e1dan\u00e9 na p\u016fd\u011b obt\u00ed\u017en\u011b kultivovat. Such\u00fd-stone plot s tvary, povrchu, vzhled a \u00fa\u010del, je jedn\u00edm z nejv\u00edce reprezentativn\u00edch p\u0159\u00edklad\u016f nativn\u00edho lidov\u00e9 architektury. Tyto such\u00e9 kamenn\u00e9 ploty slou\u017eit jako p\u0159irozen\u00e9 hranice mezi skvrnami; jsou dostate\u010dn\u011b vysok\u00e9, aby se","og_url":"https:\/\/povljana.org\/czech\/dry-kamenne-ploty\/","og_site_name":"Apartm\u00e1ny MINT Povljana - Pag - Chorvatsko","article_publisher":"https:\/\/web.facebook.com\/apartmani.mint\/","twitter_card":"summary","twitter_misc":{"Est. reading time":"1 minute"},"schema":{"@context":"https:\/\/schema.org","@graph":[{"@type":"WebSite","@id":"https:\/\/povljana.org\/czech\/#website","url":"https:\/\/povljana.org\/czech\/","name":"Apartm\u00e1ny MINT Povljana - Pag - Chorvatsko","description":"Apartm\u00e1ny MINT Povljana - Pag - Chorvatsko","potentialAction":[{"@type":"SearchAction","target":{"@type":"EntryPoint","urlTemplate":"https:\/\/povljana.org\/czech\/?s={search_term_string}"},"query-input":"required name=search_term_string"}],"inLanguage":"en-US"},{"@type":"WebPage","@id":"https:\/\/povljana.org\/czech\/dry-kamenne-ploty\/#webpage","url":"https:\/\/povljana.org\/czech\/dry-kamenne-ploty\/","name":"Dry-kamenn\u00e9 ploty | Apartm\u00e1ny MINT Povljana - Pag - Chorvatsko","isPartOf":{"@id":"https:\/\/povljana.org\/czech\/#website"},"datePublished":"2016-12-28T08:09:35+00:00","dateModified":"2016-12-28T08:09:35+00:00","breadcrumb":{"@id":"https:\/\/povljana.org\/czech\/dry-kamenne-ploty\/#breadcrumb"},"inLanguage":"en-US","potentialAction":[{"@type":"ReadAction","target":["https:\/\/povljana.org\/czech\/dry-kamenne-ploty\/"]}]},{"@type":"BreadcrumbList","@id":"https:\/\/povljana.org\/czech\/dry-kamenne-ploty\/#breadcrumb","itemListElement":[{"@type":"ListItem","position":1,"name":"Po\u010detna stranica","item":"https:\/\/povljana.org\/czech\/"},{"@type":"ListItem","position":2,"name":"Dry-kamenn\u00e9 ploty"}]}]}},"_links":{"self":[{"href":"https:\/\/povljana.org\/czech\/wp-json\/wp\/v2\/pages\/121"}],"collection":[{"href":"https:\/\/povljana.org\/czech\/wp-json\/wp\/v2\/pages"}],"about":[{"href":"https:\/\/povljana.org\/czech\/wp-json\/wp\/v2\/types\/page"}],"author":[{"embeddable":true,"href":"https:\/\/povljana.org\/czech\/wp-json\/wp\/v2\/users\/1"}],"replies":[{"embeddable":true,"href":"https:\/\/povljana.org\/czech\/wp-json\/wp\/v2\/comments?post=121"}],"version-history":[{"count":1,"href":"https:\/\/povljana.org\/czech\/wp-json\/wp\/v2\/pages\/121\/revisions"}],"predecessor-version":[{"id":123,"href":"https:\/\/povljana.org\/czech\/wp-json\/wp\/v2\/pages\/121\/revisions\/123"}],"wp:attachment":[{"href":"https:\/\/povljana.org\/czech\/wp-json\/wp\/v2\/media?parent=121"}],"curies":[{"name":"wp","href":"https:\/\/api.w.org\/{rel}","templated":true}]}}