{"id":111,"date":"2016-12-28T08:24:36","date_gmt":"2016-12-28T08:24:36","guid":{"rendered":"http:\/\/povljana.org\/poland\/?page_id=111"},"modified":"2016-12-28T08:24:36","modified_gmt":"2016-12-28T08:24:36","slug":"veliko-blato-rezerwat-ornitologiczny","status":"publish","type":"page","link":"https:\/\/povljana.org\/poland\/veliko-blato-rezerwat-ornitologiczny\/","title":{"rendered":"Veliko Blato &#8211; rezerwat ornitologiczny"},"content":{"rendered":"<p>Ornitolo\u0161ki rezervat Veliko BlatoThe rezerwat ornitologiczny Veliko Blato, jest schronieniem dla wielu ptak\u00f3w b\u0142otnych, szczeg\u00f3lnie w okresie l\u0119gowym, migracji i zimowania. D\u0142ugo\u015b\u0107 \u015brodowisku Marsh 2 km, o \u015bredniej szeroko\u015bci ok. 1.2 km. P\u00f3\u0142nocna cz\u0119\u015b\u0107 jest otoczona trzcina (Phragmites communis), kt\u00f3re s\u0105 szczeg\u00f3lnie dobrze rozwini\u0119te w po\u0142udniowo-wschodniej cz\u0119\u015bci rezerwatu. Obok trzciny, istnieje kilka odmian turzyc (Carex sp.), Sitowie (Juncus Acutus, J. conglomeratus, J. maritimus) oraz inne odmiany Marsh (Scirpus sp., JE\u017bOG\u0141\u00d3WKA GA\u0141\u0118ZISTA, itp). Kraw\u0119d\u017a depresji jest obj\u0119ty \u0142\u0105k, kt\u00f3re s\u0105 czasami zalanych wiosn\u0105 i jesieni\u0105.<\/p>\n<p>W po\u0142udniowej cz\u0119\u015bci rezerwatu jest otoczony krasowego terenu sporadycznie pokryte odmian ro\u015blin Kras-terenowych (Salvia officinalis, Helychrisum italicum, Euphorbia spinosa, Inula Candida, Stachis salviaefolius, etc.). Poni\u017csze ptaki cz\u0119sto mog\u0105 by\u0107 dostrze\u017cone tutaj: czarny \u0142yska (Fulica atra), perkozek (Tachybatus ruficollis), perkoz dwuczuby (Podiceps cristatus), czapla siwa (Ardea cinerea), czapla bia\u0142a (Egretta alba), b\u0105k (Botaurus stellaris) , b\u0142yszcz\u0105ce Ibis (Plegadis falcinellus), \u017celaziste (Aythya nyroca) i powszechne (Platalea leucorodia). Co sprawia, \u017ce \u200b\u200brezerwa tak wyj\u0105tkowym jest fakt, \u017ce jest to miejsce gniazdowania z krakwy (Anas strepera), b\u0142otniak \u0142\u0105kowy (Circus pygargus) oraz Lark calandra (Melanocorypha calandra), wszystkie trzy zagro\u017cone w ca\u0142ej Europie, natomiast w Chorwacji s\u0105 bardzo rzadkie ptaki l\u0119gowe. Taki zachowany obszar bagien jest bardzo rzadkie w dzisiejszych czasach, zw\u0142aszcza ze wzgl\u0119du na coraz wi\u0119ksz\u0105 podatno\u015b\u0107 na ornitofauny Marsh i znikni\u0119cia biothope bagiennych w ca\u0142ej Europie.<\/p>\n<p>Spo\u015br\u00f3d wszystkich typ\u00f3w siedlisk w Europie siedliska bagienne s\u0105 zdecydowanie najbogatsza i najbardziej r\u00f3\u017cnorodny w \u017cyciu ptak\u00f3w. Rezerwa Veliko Blato jest wa\u017cnym miejscem do obserwacji ptak\u00f3w i dzia\u0142a\u0144 pokrewnych, poniewa\u017c istniej\u0105 wyj\u0105tkowe wyposa\u017cenie dla tego rodzaju turystyki rekreacyjnej, kt\u00f3ra jest oparta na widokowe rejs\u00f3w, obserwowanie ptak\u00f3w i photography.The rezerwacyjnych posiada stra\u017cnic\u0119 oraz an info-board Eksperci tej pory udokumentowano 143 odmian ptak\u00f3w w miejscowo\u015bci, opracowano list\u0119 kontroln\u0105 ptak\u00f3w i oznaczone najdogodniejsze terminy, w ka\u017cdym sezonie dla obserwator\u00f3w ptak\u00f3w, jak r\u00f3wnie\u017c gatunk\u00f3w ptak\u00f3w, kt\u00f3re mo\u017cna zobaczy\u0107 w danym okres. Planujemy wyda\u0107 broszur\u0119 na temat ptak\u00f3w rezerwatu blato Wielkim. Opr\u00f3cz Veliko Blato na wyspie Pag istniej\u0105 dwa obszary bagienne: Malo Blato w pobli\u017cu Veliko Blato, a Kolansko blato w miejscowo\u015bci Kolan. Wszystkie trzy miejscowo\u015bci uzyska\u0142o status ornitologicznych reserves.Tickets do zwiedzania w Wielkim blato s\u0105 sprzedawane w Tourist Board Povljana. P\u0142yta turystyczny wydaje r\u00f3wnie\u017c zezwolenia dla rybo\u0142\u00f3wstwa \u015br\u00f3dl\u0105dowego. Mo\u017cna kupi\u0107 zezwolenie po\u0142owowe na jeden dzie\u0144 lub ca\u0142y tydzie\u0144. Rezerwat jest obszarem chronionym. Ciesz si\u0119 pi\u0119knem rezerwie i nie pozostawiaj\u0105 niczego, co mog\u0142oby zaburzy\u0107 jej.<\/p>\n","protected":false},"excerpt":{"rendered":"<p>Ornitolo\u0161ki rezervat Veliko BlatoThe rezerwat ornitologiczny Veliko Blato, jest schronieniem dla wielu ptak\u00f3w b\u0142otnych, szczeg\u00f3lnie w okresie l\u0119gowym, migracji i zimowania. D\u0142ugo\u015b\u0107 \u015brodowisku Marsh 2 km, o \u015bredniej szeroko\u015bci ok. 1.2 km. P\u00f3\u0142nocna cz\u0119\u015b\u0107 jest otoczona trzcina (Phragmites communis), kt\u00f3re s\u0105 szczeg\u00f3lnie dobrze rozwini\u0119te w po\u0142udniowo-wschodniej cz\u0119\u015bci rezerwatu. Obok trzciny, istnieje kilka odmian turzyc (Carex<\/p>\n","protected":false},"author":1,"featured_media":0,"parent":0,"menu_order":0,"comment_status":"closed","ping_status":"closed","template":"","meta":[],"yoast_head":"<!-- This site is optimized with the Yoast SEO plugin v18.1 - https:\/\/yoast.com\/wordpress\/plugins\/seo\/ -->\n<title>Veliko Blato - rezerwat ornitologiczny | Apartamenty MINT Povljana - Pag - Chorwacja<\/title>\n<meta name=\"robots\" content=\"index, follow, max-snippet:-1, max-image-preview:large, max-video-preview:-1\" \/>\n<link rel=\"canonical\" href=\"https:\/\/povljana.org\/poland\/veliko-blato-rezerwat-ornitologiczny\/\" \/>\n<meta property=\"og:locale\" content=\"en_US\" \/>\n<meta property=\"og:type\" content=\"article\" \/>\n<meta property=\"og:title\" content=\"Veliko Blato - rezerwat ornitologiczny | Apartamenty MINT Povljana - Pag - Chorwacja\" \/>\n<meta property=\"og:description\" content=\"Ornitolo\u0161ki rezervat Veliko BlatoThe rezerwat ornitologiczny Veliko Blato, jest schronieniem dla wielu ptak\u00f3w b\u0142otnych, szczeg\u00f3lnie w okresie l\u0119gowym, migracji i zimowania. D\u0142ugo\u015b\u0107 \u015brodowisku Marsh 2 km, o \u015bredniej szeroko\u015bci ok. 1.2 km. P\u00f3\u0142nocna cz\u0119\u015b\u0107 jest otoczona trzcina (Phragmites communis), kt\u00f3re s\u0105 szczeg\u00f3lnie dobrze rozwini\u0119te w po\u0142udniowo-wschodniej cz\u0119\u015bci rezerwatu. Obok trzciny, istnieje kilka odmian turzyc (Carex\" \/>\n<meta property=\"og:url\" content=\"https:\/\/povljana.org\/poland\/veliko-blato-rezerwat-ornitologiczny\/\" \/>\n<meta property=\"og:site_name\" content=\"Apartamenty MINT Povljana - Pag - Chorwacja\" \/>\n<meta property=\"article:publisher\" content=\"https:\/\/web.facebook.com\/apartmani.mint\/\" \/>\n<meta name=\"twitter:card\" content=\"summary\" \/>\n<meta name=\"twitter:label1\" content=\"Est. reading time\" \/>\n\t<meta name=\"twitter:data1\" content=\"2 minutes\" \/>\n<script type=\"application\/ld+json\" class=\"yoast-schema-graph\">{\"@context\":\"https:\/\/schema.org\",\"@graph\":[{\"@type\":\"WebSite\",\"@id\":\"https:\/\/povljana.org\/poland\/#website\",\"url\":\"https:\/\/povljana.org\/poland\/\",\"name\":\"Apartamenty MINT Povljana - Pag - Chorwacja\",\"description\":\"Apartamenty MINT Povljana - Pag - Chorwacja\",\"potentialAction\":[{\"@type\":\"SearchAction\",\"target\":{\"@type\":\"EntryPoint\",\"urlTemplate\":\"https:\/\/povljana.org\/poland\/?s={search_term_string}\"},\"query-input\":\"required name=search_term_string\"}],\"inLanguage\":\"en-US\"},{\"@type\":\"WebPage\",\"@id\":\"https:\/\/povljana.org\/poland\/veliko-blato-rezerwat-ornitologiczny\/#webpage\",\"url\":\"https:\/\/povljana.org\/poland\/veliko-blato-rezerwat-ornitologiczny\/\",\"name\":\"Veliko Blato - rezerwat ornitologiczny | Apartamenty MINT Povljana - Pag - Chorwacja\",\"isPartOf\":{\"@id\":\"https:\/\/povljana.org\/poland\/#website\"},\"datePublished\":\"2016-12-28T08:24:36+00:00\",\"dateModified\":\"2016-12-28T08:24:36+00:00\",\"breadcrumb\":{\"@id\":\"https:\/\/povljana.org\/poland\/veliko-blato-rezerwat-ornitologiczny\/#breadcrumb\"},\"inLanguage\":\"en-US\",\"potentialAction\":[{\"@type\":\"ReadAction\",\"target\":[\"https:\/\/povljana.org\/poland\/veliko-blato-rezerwat-ornitologiczny\/\"]}]},{\"@type\":\"BreadcrumbList\",\"@id\":\"https:\/\/povljana.org\/poland\/veliko-blato-rezerwat-ornitologiczny\/#breadcrumb\",\"itemListElement\":[{\"@type\":\"ListItem\",\"position\":1,\"name\":\"Po\u010detna stranica\",\"item\":\"https:\/\/povljana.org\/poland\/\"},{\"@type\":\"ListItem\",\"position\":2,\"name\":\"Veliko Blato &#8211; rezerwat ornitologiczny\"}]}]}<\/script>\n<!-- \/ Yoast SEO plugin. -->","yoast_head_json":{"title":"Veliko Blato - rezerwat ornitologiczny | Apartamenty MINT Povljana - Pag - Chorwacja","robots":{"index":"index","follow":"follow","max-snippet":"max-snippet:-1","max-image-preview":"max-image-preview:large","max-video-preview":"max-video-preview:-1"},"canonical":"https:\/\/povljana.org\/poland\/veliko-blato-rezerwat-ornitologiczny\/","og_locale":"en_US","og_type":"article","og_title":"Veliko Blato - rezerwat ornitologiczny | Apartamenty MINT Povljana - Pag - Chorwacja","og_description":"Ornitolo\u0161ki rezervat Veliko BlatoThe rezerwat ornitologiczny Veliko Blato, jest schronieniem dla wielu ptak\u00f3w b\u0142otnych, szczeg\u00f3lnie w okresie l\u0119gowym, migracji i zimowania. D\u0142ugo\u015b\u0107 \u015brodowisku Marsh 2 km, o \u015bredniej szeroko\u015bci ok. 1.2 km. P\u00f3\u0142nocna cz\u0119\u015b\u0107 jest otoczona trzcina (Phragmites communis), kt\u00f3re s\u0105 szczeg\u00f3lnie dobrze rozwini\u0119te w po\u0142udniowo-wschodniej cz\u0119\u015bci rezerwatu. Obok trzciny, istnieje kilka odmian turzyc (Carex","og_url":"https:\/\/povljana.org\/poland\/veliko-blato-rezerwat-ornitologiczny\/","og_site_name":"Apartamenty MINT Povljana - Pag - Chorwacja","article_publisher":"https:\/\/web.facebook.com\/apartmani.mint\/","twitter_card":"summary","twitter_misc":{"Est. reading time":"2 minutes"},"schema":{"@context":"https:\/\/schema.org","@graph":[{"@type":"WebSite","@id":"https:\/\/povljana.org\/poland\/#website","url":"https:\/\/povljana.org\/poland\/","name":"Apartamenty MINT Povljana - Pag - Chorwacja","description":"Apartamenty MINT Povljana - Pag - Chorwacja","potentialAction":[{"@type":"SearchAction","target":{"@type":"EntryPoint","urlTemplate":"https:\/\/povljana.org\/poland\/?s={search_term_string}"},"query-input":"required name=search_term_string"}],"inLanguage":"en-US"},{"@type":"WebPage","@id":"https:\/\/povljana.org\/poland\/veliko-blato-rezerwat-ornitologiczny\/#webpage","url":"https:\/\/povljana.org\/poland\/veliko-blato-rezerwat-ornitologiczny\/","name":"Veliko Blato - rezerwat ornitologiczny | Apartamenty MINT Povljana - Pag - Chorwacja","isPartOf":{"@id":"https:\/\/povljana.org\/poland\/#website"},"datePublished":"2016-12-28T08:24:36+00:00","dateModified":"2016-12-28T08:24:36+00:00","breadcrumb":{"@id":"https:\/\/povljana.org\/poland\/veliko-blato-rezerwat-ornitologiczny\/#breadcrumb"},"inLanguage":"en-US","potentialAction":[{"@type":"ReadAction","target":["https:\/\/povljana.org\/poland\/veliko-blato-rezerwat-ornitologiczny\/"]}]},{"@type":"BreadcrumbList","@id":"https:\/\/povljana.org\/poland\/veliko-blato-rezerwat-ornitologiczny\/#breadcrumb","itemListElement":[{"@type":"ListItem","position":1,"name":"Po\u010detna stranica","item":"https:\/\/povljana.org\/poland\/"},{"@type":"ListItem","position":2,"name":"Veliko Blato &#8211; rezerwat ornitologiczny"}]}]}},"_links":{"self":[{"href":"https:\/\/povljana.org\/poland\/wp-json\/wp\/v2\/pages\/111"}],"collection":[{"href":"https:\/\/povljana.org\/poland\/wp-json\/wp\/v2\/pages"}],"about":[{"href":"https:\/\/povljana.org\/poland\/wp-json\/wp\/v2\/types\/page"}],"author":[{"embeddable":true,"href":"https:\/\/povljana.org\/poland\/wp-json\/wp\/v2\/users\/1"}],"replies":[{"embeddable":true,"href":"https:\/\/povljana.org\/poland\/wp-json\/wp\/v2\/comments?post=111"}],"version-history":[{"count":2,"href":"https:\/\/povljana.org\/poland\/wp-json\/wp\/v2\/pages\/111\/revisions"}],"predecessor-version":[{"id":121,"href":"https:\/\/povljana.org\/poland\/wp-json\/wp\/v2\/pages\/111\/revisions\/121"}],"wp:attachment":[{"href":"https:\/\/povljana.org\/poland\/wp-json\/wp\/v2\/media?parent=111"}],"curies":[{"name":"wp","href":"https:\/\/api.w.org\/{rel}","templated":true}]}}