{"id":113,"date":"2016-12-28T08:25:00","date_gmt":"2016-12-28T08:25:00","guid":{"rendered":"http:\/\/povljana.org\/poland\/?page_id=113"},"modified":"2016-12-28T08:25:00","modified_gmt":"2016-12-28T08:25:00","slug":"lecznicze-bloto-segal","status":"publish","type":"page","link":"https:\/\/povljana.org\/poland\/lecznicze-bloto-segal\/","title":{"rendered":"Lecznicze b\u0142oto &#8220;Segal&#8221;"},"content":{"rendered":"<p>&#8220;Na zach\u00f3d od Povljana, przy pla\u017cy w Dubrowniku, w otoczeniu lasu sosnowego, znajdziesz jezioro Segal z mulistym osadzie. Naturalny \u015brodek leczniczy, taki jak borowiny, wraz ze s\u0142o\u0144cem, morzem i czystym powietrzem, jest czynnikiem sprzyjaj\u0105cym w zachowaniu i poprawie w\u0142asnego zdrowia i dobrego samopoczucia, zapobieganie i utwardzanie r\u00f3\u017cnych chor\u00f3b, a tak\u017ce wychodzenie z nich. Borowina lecznicza jest idealny do leczenia schorze\u0144 zwyrodnieniowych, reumatoidalne zapalenie staw\u00f3w i choroby sk\u00f3ry.<\/p>\n<p>Jest cz\u0119sto stosowany jako kompres na brzuch i okolicy nerek w przypadkach chor\u00f3b uk\u0142adu pokarmowego, a tak\u017ce chor\u00f3b narz\u0105d\u00f3w rodnych i uk\u0142adu moczowego. Jest on stosowany w przypadku dolegliwo\u015bci reumatycznych jak kompres i nak\u0142adanie pow\u0142ok na ramionach, pojedynczych staw\u00f3w lub grup du\u017cych staw\u00f3w i kr\u0119gos\u0142upa. Naturalne b\u0142oto jest uwa\u017cane za dobry \u015brodek do detoksykacji. Znajd\u017a swoje miejsce na pla\u017cy, na ska\u0142ach lub pod sosnami i da\u0107 si\u0119 nad do relaksuj\u0105cy i korzystny efekt terapeutyczny, morskich i klimatycznych czynnik\u00f3w balneologicznych.<\/p>\n","protected":false},"excerpt":{"rendered":"<p>&#8220;Na zach\u00f3d od Povljana, przy pla\u017cy w Dubrowniku, w otoczeniu lasu sosnowego, znajdziesz jezioro Segal z mulistym osadzie. Naturalny \u015brodek leczniczy, taki jak borowiny, wraz ze s\u0142o\u0144cem, morzem i czystym powietrzem, jest czynnikiem sprzyjaj\u0105cym w zachowaniu i poprawie w\u0142asnego zdrowia i dobrego samopoczucia, zapobieganie i utwardzanie r\u00f3\u017cnych chor\u00f3b, a tak\u017ce wychodzenie z nich. Borowina lecznicza<\/p>\n","protected":false},"author":1,"featured_media":0,"parent":0,"menu_order":0,"comment_status":"closed","ping_status":"closed","template":"","meta":[],"yoast_head":"<!-- This site is optimized with the Yoast SEO plugin v18.1 - https:\/\/yoast.com\/wordpress\/plugins\/seo\/ -->\n<title>Lecznicze b\u0142oto &quot;Segal&quot; | Apartamenty MINT Povljana - Pag - Chorwacja<\/title>\n<meta name=\"robots\" content=\"index, follow, max-snippet:-1, max-image-preview:large, max-video-preview:-1\" \/>\n<link rel=\"canonical\" href=\"https:\/\/povljana.org\/poland\/lecznicze-bloto-segal\/\" \/>\n<meta property=\"og:locale\" content=\"en_US\" \/>\n<meta property=\"og:type\" content=\"article\" \/>\n<meta property=\"og:title\" content=\"Lecznicze b\u0142oto &quot;Segal&quot; | Apartamenty MINT Povljana - Pag - Chorwacja\" \/>\n<meta property=\"og:description\" content=\"&#8220;Na zach\u00f3d od Povljana, przy pla\u017cy w Dubrowniku, w otoczeniu lasu sosnowego, znajdziesz jezioro Segal z mulistym osadzie. Naturalny \u015brodek leczniczy, taki jak borowiny, wraz ze s\u0142o\u0144cem, morzem i czystym powietrzem, jest czynnikiem sprzyjaj\u0105cym w zachowaniu i poprawie w\u0142asnego zdrowia i dobrego samopoczucia, zapobieganie i utwardzanie r\u00f3\u017cnych chor\u00f3b, a tak\u017ce wychodzenie z nich. Borowina lecznicza\" \/>\n<meta property=\"og:url\" content=\"https:\/\/povljana.org\/poland\/lecznicze-bloto-segal\/\" \/>\n<meta property=\"og:site_name\" content=\"Apartamenty MINT Povljana - Pag - Chorwacja\" \/>\n<meta property=\"article:publisher\" content=\"https:\/\/web.facebook.com\/apartmani.mint\/\" \/>\n<meta name=\"twitter:card\" content=\"summary\" \/>\n<meta name=\"twitter:label1\" content=\"Est. reading time\" \/>\n\t<meta name=\"twitter:data1\" content=\"1 minute\" \/>\n<script type=\"application\/ld+json\" class=\"yoast-schema-graph\">{\"@context\":\"https:\/\/schema.org\",\"@graph\":[{\"@type\":\"WebSite\",\"@id\":\"https:\/\/povljana.org\/poland\/#website\",\"url\":\"https:\/\/povljana.org\/poland\/\",\"name\":\"Apartamenty MINT Povljana - Pag - Chorwacja\",\"description\":\"Apartamenty MINT Povljana - Pag - Chorwacja\",\"potentialAction\":[{\"@type\":\"SearchAction\",\"target\":{\"@type\":\"EntryPoint\",\"urlTemplate\":\"https:\/\/povljana.org\/poland\/?s={search_term_string}\"},\"query-input\":\"required name=search_term_string\"}],\"inLanguage\":\"en-US\"},{\"@type\":\"WebPage\",\"@id\":\"https:\/\/povljana.org\/poland\/lecznicze-bloto-segal\/#webpage\",\"url\":\"https:\/\/povljana.org\/poland\/lecznicze-bloto-segal\/\",\"name\":\"Lecznicze b\u0142oto \\\"Segal\\\" | Apartamenty MINT Povljana - Pag - Chorwacja\",\"isPartOf\":{\"@id\":\"https:\/\/povljana.org\/poland\/#website\"},\"datePublished\":\"2016-12-28T08:25:00+00:00\",\"dateModified\":\"2016-12-28T08:25:00+00:00\",\"breadcrumb\":{\"@id\":\"https:\/\/povljana.org\/poland\/lecznicze-bloto-segal\/#breadcrumb\"},\"inLanguage\":\"en-US\",\"potentialAction\":[{\"@type\":\"ReadAction\",\"target\":[\"https:\/\/povljana.org\/poland\/lecznicze-bloto-segal\/\"]}]},{\"@type\":\"BreadcrumbList\",\"@id\":\"https:\/\/povljana.org\/poland\/lecznicze-bloto-segal\/#breadcrumb\",\"itemListElement\":[{\"@type\":\"ListItem\",\"position\":1,\"name\":\"Po\u010detna stranica\",\"item\":\"https:\/\/povljana.org\/poland\/\"},{\"@type\":\"ListItem\",\"position\":2,\"name\":\"Lecznicze b\u0142oto &#8220;Segal&#8221;\"}]}]}<\/script>\n<!-- \/ Yoast SEO plugin. -->","yoast_head_json":{"title":"Lecznicze b\u0142oto \"Segal\" | Apartamenty MINT Povljana - Pag - Chorwacja","robots":{"index":"index","follow":"follow","max-snippet":"max-snippet:-1","max-image-preview":"max-image-preview:large","max-video-preview":"max-video-preview:-1"},"canonical":"https:\/\/povljana.org\/poland\/lecznicze-bloto-segal\/","og_locale":"en_US","og_type":"article","og_title":"Lecznicze b\u0142oto \"Segal\" | Apartamenty MINT Povljana - Pag - Chorwacja","og_description":"&#8220;Na zach\u00f3d od Povljana, przy pla\u017cy w Dubrowniku, w otoczeniu lasu sosnowego, znajdziesz jezioro Segal z mulistym osadzie. Naturalny \u015brodek leczniczy, taki jak borowiny, wraz ze s\u0142o\u0144cem, morzem i czystym powietrzem, jest czynnikiem sprzyjaj\u0105cym w zachowaniu i poprawie w\u0142asnego zdrowia i dobrego samopoczucia, zapobieganie i utwardzanie r\u00f3\u017cnych chor\u00f3b, a tak\u017ce wychodzenie z nich. Borowina lecznicza","og_url":"https:\/\/povljana.org\/poland\/lecznicze-bloto-segal\/","og_site_name":"Apartamenty MINT Povljana - Pag - Chorwacja","article_publisher":"https:\/\/web.facebook.com\/apartmani.mint\/","twitter_card":"summary","twitter_misc":{"Est. reading time":"1 minute"},"schema":{"@context":"https:\/\/schema.org","@graph":[{"@type":"WebSite","@id":"https:\/\/povljana.org\/poland\/#website","url":"https:\/\/povljana.org\/poland\/","name":"Apartamenty MINT Povljana - Pag - Chorwacja","description":"Apartamenty MINT Povljana - Pag - Chorwacja","potentialAction":[{"@type":"SearchAction","target":{"@type":"EntryPoint","urlTemplate":"https:\/\/povljana.org\/poland\/?s={search_term_string}"},"query-input":"required name=search_term_string"}],"inLanguage":"en-US"},{"@type":"WebPage","@id":"https:\/\/povljana.org\/poland\/lecznicze-bloto-segal\/#webpage","url":"https:\/\/povljana.org\/poland\/lecznicze-bloto-segal\/","name":"Lecznicze b\u0142oto \"Segal\" | Apartamenty MINT Povljana - Pag - Chorwacja","isPartOf":{"@id":"https:\/\/povljana.org\/poland\/#website"},"datePublished":"2016-12-28T08:25:00+00:00","dateModified":"2016-12-28T08:25:00+00:00","breadcrumb":{"@id":"https:\/\/povljana.org\/poland\/lecznicze-bloto-segal\/#breadcrumb"},"inLanguage":"en-US","potentialAction":[{"@type":"ReadAction","target":["https:\/\/povljana.org\/poland\/lecznicze-bloto-segal\/"]}]},{"@type":"BreadcrumbList","@id":"https:\/\/povljana.org\/poland\/lecznicze-bloto-segal\/#breadcrumb","itemListElement":[{"@type":"ListItem","position":1,"name":"Po\u010detna stranica","item":"https:\/\/povljana.org\/poland\/"},{"@type":"ListItem","position":2,"name":"Lecznicze b\u0142oto &#8220;Segal&#8221;"}]}]}},"_links":{"self":[{"href":"https:\/\/povljana.org\/poland\/wp-json\/wp\/v2\/pages\/113"}],"collection":[{"href":"https:\/\/povljana.org\/poland\/wp-json\/wp\/v2\/pages"}],"about":[{"href":"https:\/\/povljana.org\/poland\/wp-json\/wp\/v2\/types\/page"}],"author":[{"embeddable":true,"href":"https:\/\/povljana.org\/poland\/wp-json\/wp\/v2\/users\/1"}],"replies":[{"embeddable":true,"href":"https:\/\/povljana.org\/poland\/wp-json\/wp\/v2\/comments?post=113"}],"version-history":[{"count":1,"href":"https:\/\/povljana.org\/poland\/wp-json\/wp\/v2\/pages\/113\/revisions"}],"predecessor-version":[{"id":120,"href":"https:\/\/povljana.org\/poland\/wp-json\/wp\/v2\/pages\/113\/revisions\/120"}],"wp:attachment":[{"href":"https:\/\/povljana.org\/poland\/wp-json\/wp\/v2\/media?parent=113"}],"curies":[{"name":"wp","href":"https:\/\/api.w.org\/{rel}","templated":true}]}}